 of 5?
False
Let t(p) = 3*p + 1. Let d be t(-4). Let v = d - -50. Is v a multiple of 14?
False
Suppose -4*r + 11 = -5. Suppose -4*f + 51 = -f - 4*j, r*f - 5*j = 67. Is 8 a factor of f?
False
Let v be 20/(-15) - 4/6. Let b(z) = 5*z**3 - z**2 + z - 1. Let n be b(1). Is 14 a factor of (n - 0)/(v/(-7))?
True
Let l be (-2)/(-8) + (-54)/(-8). Suppose -2*m = 5*v - 47, -5*v - l*m + 50 = -2*m. Is 9 a factor of v?
True
Let u(b) = -b + 11. Let r be u(9). Suppose -2*k = r*k - 60. Is 4 a factor of k?
False
Let d(m) = 13*m + 1. Let c(w) = -53*w - 4. Let g(j) = -6*c(j) - 26*d(j). Does 39 divide g(-6)?
False
Let n = -9 - -5. Let x = n - -4. Suppose -4*l - l - 4*b + 226 = x, 3*b = l - 30. Is l a multiple of 19?
False
Let i(c) = -52*c - 5. Is i(-2) a multiple of 15?
False
Let x be 2/3*(-18)/(-4). Does 18 divide (3 + 8 - -1)*x?
True
Let q(c) = 3*c**2 - 2*c. Is 9 a factor of q(3)?
False
Let r(b) = b**3 + 2*b**2 - b + 1. Let w be r(-2). Suppose w*v = 5*s + 48, -v - 3*s = 2*s - 36. Does 21 divide v?
True
Let q(a) be the first derivative of a**4/2 - a**3/3 + a**2/2 - 2*a + 3. Let k = 8 + -6. Is q(k) a multiple of 6?
True
Let f(w) = 9*w. Is f(2) a multiple of 6?
True
Suppose -19 = -j + 4*l - 2*l, 45 = 2*j + 3*l. Let s = j + -15. Is 9 a factor of 371/42 + 1/s?
True
Let z be (124/8)/((-1)/(-2)). Let r = z + -22. Suppose -r = -v + 3. Does 6 divide v?
True
Let r = 97 - 66. Let g = r + 7. Does 10 divide g?
False
Suppose 2*r = -2*r - 5*g + 2, -5*g = -3*r - 16. Let n be r/3*54/(-12). Suppose 4*o - 10 = -o - 5*a, -n*o - a = -16. Is 3 a factor of o?
False
Suppose 0 = 3*d - 4*d - x + 39, -5*d + 185 = -5*x. Let z = d - 3. Is z a multiple of 13?
False
Let m(a) = -a**2 + a + 1. Let c be m(1). Let g = c + 14. Is 5 a factor of g?
True
Let c(r) be the second derivative of 5*r**3/3 - r**2 - 4*r. Let f be c(3). Is (3/(-2))/((-6)/f) a multiple of 2?
False
Let s be (-54)/(-15)*5/2. Suppose -2*w + s = w. Is (-24 - (-6)/w)*-1 a multiple of 10?
False
Let a(l) = l**2 - 4*l - 7. Let g be a(6). Does 3 divide (-7 + 6)*(-1 - g)?
True
Let r = -10 + 5. Let d(n) = -n**2 - 3*n - 2. Let h be d(r). Let c = h + 42. Does 15 divide c?
True
Let x(r) be the first derivative of -r**4/4 + 2*r**3 + 5*r**2/2 + r - 3. Suppose -5*h - t = -34, -h + 4*t - 9 = 1. Is x(h) a multiple of 9?
False
Suppose -3*t = 5*x - 191, -4*x + 129 = -x - 3*t. Is 28 a factor of x?
False
Suppose -4*g = -1 - 7. Let d be 2 + -22 + (g - 1). Let o = 27 + d. Does 3 divide o?
False
Let c(d) = -8*d - 9. Let t be -2 - 8/(-2) - 8. Is 10 a factor of c(t)?
False
Suppose -3*n + 18 = -9. Does 7 divide n?
False
Suppose 80 = -4*i - 0. Let c = i + 27. Is c a multiple of 7?
True
Is (4 + -3 + 7)*4 a multiple of 16?
True
Suppose 4*j + 3*n = 20 + 16, 0 = -j + 2*n + 20. Let r = j - 8. Suppose -s = -2 - r. Does 3 divide s?
True
Is 35 a factor of 111 + (3 - 27/3)?
True
Let f(o) = 6*o**2 + 3*o - 2. Let i be f(2). Let l(r) = 2*r + 23*r**2 + i*r**2 - 2*r. Is l(-1) a multiple of 21?
False
Let n = 8 + -5. Let s(j) = 6*j**2 - 4*j + 3. Is s(n) a multiple of 18?
False
Let m(t) = 5*t**2 + 4*t + 1. Let l(w) = -9*w**2 - 8*w - 2. Let g(d) = -3*l(d) - 5*m(d). Let y be g(-3). Is 268/y - (-10)/(-35) a multiple of 17?
False
Suppose -5*j = -j + 4*m - 904, 4*j = 4*m + 864. Does 34 divide j?
False
Suppose 4 = c + c. Let y = 4 - c. Suppose -y*j = -4*q - 68, -6*j + 2*j + 124 = -5*q. Is 12 a factor of j?
False
Suppose -u = -2*u + 18. Let s(d) = d**3 - 2*d**2 + 2*d. Let y be s(0). Suppose t = -y*t + u. Does 18 divide t?
True
Suppose 0 = 3*p + 4*u - 48, 68 = -5*p + 4*u + 180. Suppose -4*x - 170 = w - 31, -4*w + p = 0. Is -2 + (-2 - -2) - x a multiple of 14?
False
Let h = 3 - 5. Let t be (-11)/((h/(-3))/(-2)). Does 8 divide t/2 - 3/6?
True
Let v = -25 + 41. Suppose 0 = k - 5*k + v. Is k a multiple of 2?
True
Let r(d) = 6*d**2 - d - 10. Is 8 a factor of r(-5)?
False
Let r(a) = 36*a**2 + 2*a - 1. Let h be r(1). Is 10 a factor of 1*h + 4 + -6?
False
Is 12 a factor of (28 - (1 - -3)) + -2?
False
Let p(h) = -3*h**3 + 5*h**2 - 7*h - 7. Let g(r) = 4*r**3 - 5*r**2 + 8*r + 8. Let z(j) = 4*g(j) + 5*p(j). Let c be z(-5). Does 13 divide 4/6 - (-304)/c?
True
Let b(s) = -s + 5. Let u be b(5). Suppose 4*f - 9 - 87 = u. Is 12 a factor of f?
True
Let h be 0 - 0 - (-5 - 0). Suppose -h*y + 45 = d + 4*d, 3*y - 5*d = 27. Is y even?
False
Let h(a) = -a**2 + 8*a - 8. Let d be h(7). Let w(t) = -t - 15*t**3 + 2 + 0*t - 3 - t**2. Is w(d) a multiple of 14?
True
Let r be -1 + 1 - (-4 - -4). Suppose -2*x + 5 + 5 = r. Is x a multiple of 2?
False
Suppose -5*k - 22 = 3*m - 72, 5*m + 2*k = 96. Is 10 a factor of 8*(m/(-16))/(-1)?
True
Suppose -8 - 2 = -5*u, -4*u + 198 = 5*g. Is 23 a factor of g?
False
Let r(g) = -g**3 - 7*g**2 - 4*g - 1. Does 9 divide r(-7)?
True
Suppose 3*g + 4*j = 1 + 13, 2*g - 14 = 2*j. Suppose -3*u - g = -4*x, -4*u - 2 = -3*x - 1. Does 15 divide 8/(-6)*(-39)/u?
False
Is 5 a factor of 2*(-2 + 115/10)?
False
Suppose 0 = -3*a - 17 + 71. Suppose -2*v = v - 12. Let h = v + a. Is 10 a factor of h?
False
Suppose -4 = -5*s + s + 4*a, -a = 3. Let l = 5 + s. Suppose 5*r = 3 + 2, 0 = -l*z + 3*r + 93. Is z a multiple of 16?
True
Let m(j) be the first derivative of 8*j**3 + j**2/2 + j + 1. Is 10 a factor of m(-1)?
False
Suppose -j = -7 - 7. Suppose 0 = -5*l + 1 + j. Does 4 divide l/9 - (-64)/6?
False
Suppose -253 + 77 = -2*a. Does 22 divide a?
True
Is 18 a factor of (-1760)/(-14) - ((-70)/(-49))/(-5)?
True
Let y = -75 - -117. Does 3 divide y?
True
Let w(u) = -u**3 + 1 + 10*u + 2*u**3 - 9*u**2 - 2. Let y be w(8). Suppose -2*s + s = -y. Does 9 divide s?
False
Suppose x = 5*q - 9 - 9, 5*q = -5*x + 30. Suppose 1 - 7 = -x*g. Is g a multiple of 3?
True
Let h(r) = -r**3 + 2*r**2 + r + 2. Let l be h(2). Let w(c) = 9*c**2 - 3*c + 1. Let t be w(l). Let z = t - 94. Does 13 divide z?
True
Let l(p) = -8*p + 14. Let m(f) = -f + 1. Let d(s) = -l(s) + 12*m(s). Is 13 a factor of d(-7)?
True
Let q = 5 + -1. Is 57/q - 2/8 a multiple of 4?
False
Is 6 a factor of (22/(-3))/((-9)/27)?
False
Let u = 15 - -81. Suppose 0 = -d - 3*d + u. Does 12 divide d?
True
Suppose 5*c = -l + 37, -2*l - 4 = -2*c - 6*l. Let m = c + 18. Does 13 divide m?
True
Let w(m) = -7*m + 6*m - m + 10. Is w(-7) a multiple of 8?
True
Let o(k) = k**3 - k**2 - 2*k. Is 11 a factor of o(3)?
False
Suppose -6*t + 214 + 56 = 0. Is 8 a factor of t?
False
Let k(z) = -z + 0*z + 2*z + 1. Let a be k(3). Let h(m) = -m**3 + 6*m**2 - 3*m + 4. Is h(a) a multiple of 12?
True
Let t be 1 + 0 - (-2)/2. Suppose -4*m = 5*i - 141, -4*i + t*i + 54 = 4*m. Is 12 a factor of i?
False
Let w(b) be the first derivative of 1 - 9/4*b**4 + 0*b + 0*b**2 + 0*b**3. Is w(-1) a multiple of 8?
False
Suppose t - 3*t - 3*r = -400, -3*t + r = -622. Is t a multiple of 11?
False
Let f(j) = j**2 - 4*j + 3. Let g be f(3). Suppose g = u - 4*u + 66. Suppose b + 21 + 5 = 2*n, -n + u = 4*b. Is n a multiple of 11?
False
Let n = 16 - 11. Suppose 0*k - 5*k + 4*i + 37 = 0, -10 = -5*k - n*i. Suppose 3 = -4*r + o + 15, 5*r + k*o = -10. Is 2 a factor of r?
True
Suppose -5*g = -g - 12. Suppose 3*x = -5*a - 53 + 198, 175 = 5*a - g*x. Does 16 divide a?
True
Let o = -3 + 5. Let q = o - 0. Suppose -q*m + 30 = -m + 3*v, -2*m - v + 40 = 0. Is 9 a factor of m?
True
Suppose 0*m + 6 = 2*m, -2*y + 4*m - 36 = 0. Does 12 divide -3 - (-20)/4 - y?
False
Let z(n) = 8*n**2 + 4*n**2 + 6 + 12*n - 10*n**2. Is 21 a factor of z(-8)?
False
Let j be (8/(-6))/(1/(-75)). Suppose -5*y + 4*f + j = 0, -5*f = 4*y - 3*y - 49. Is y a multiple of 12?
True
Let r(v) be the first derivative of -v**4/2 + 5*v**2/2 + 4*v + 3. Suppose -5*b + b = 12. Is 15 a factor of r(b)?
False
Let g = -10 - -14. Suppose 0 = h - 5 + g. Is 2 a factor of (h/2 + -1)*-10?
False
Let p = 4 - 4. Suppose z - h - 2*h - 36 = p, -3*z - 3*h = -84. Does 14 divide z?
False
Let u(g) = -3*g + 1. Let b be u(-4). Suppose r - b = 43. Does 14 divide r?
True
Let y = -234 + 333. Does 11 divide y?
True
Let l = 15 - 11. Let r(s) = -2*s**3 + s**3 + 5*s**2 + l*s**2 + s + 9. Is 13 a factor of r(9)?
False
Let z(v) = 5*v - 4. Let n be z(4). Let w be 4/(2 + -3 - -3). Is (w/4)/(2/n) a multiple of 3?
False
Let p = 20 - 13. Is p a multiple of 4?
False
Suppose u = q - 12, -q - u = 2*q - 24. Let i be (1 - 0)/(3/q). Suppose 50 = i*a - 37. Does 10 divide a?
False
Let x(w) = -w. Let v be x(0). Suppose 5